 5*o - 3*d. Let i be (-128)/o - 4/(-6). Let l = 18 + i. What is the units digit of l?
8
Let i = -1 + 1. Suppose 4*a - 2 = -4*t + 2, 3*a + t - 7 = i. What is the units digit of a?
3
Suppose 0*x = -3*x + 33. Let w be (-1*(1 - x))/2. Suppose w*v - 24 = -4. What is the units digit of v?
4
Let r be (2/(-3))/((-2)/12). Suppose -y + r*y - 57 = 0. What is the tens digit of y?
1
Let l(j) = -4*j - 22. What is the units digit of l(-10)?
8
Let t(o) = o**2 + 18*o - 33. What is the hundreds digit of t(-27)?
2
Suppose 5*j - 2*t = 39 + 109, -2*j + 5*t = -55. What is the tens digit of j?
3
Suppose l + 3*y - 31 = 27, -112 = -2*l - 4*y. What is the units digit of l?
2
What is the tens digit of 129/(-86)*(-90 + -1 - -1)?
3
Let v(h) = -3*h**3 - 2*h**2 - 2*h. What is the units digit of v(-2)?
0
Suppose 3*x = 16*x - 2041. What is the units digit of x?
7
Let p = -48 - -14. Let u = p + 79. What is the units digit of u?
5
Let l = -29 - -56. Suppose 3 - l = -3*z. What is the units digit of z?
8
Let y = 38 + -32. What is the units digit of y?
6
Let c(l) = -l**2 + l + 3. Let q be c(0). What is the units digit of 3/q + -1 + 1?
1
Suppose 41 + 324 = 5*m. What is the units digit of m?
3
Let j = 72 + 91. Suppose t + i = 82, -t - t - 3*i + j = 0. Suppose -t = -5*m - 13. What is the units digit of m?
4
Let i(d) = -4*d + 5. Let h(a) = 8*a - 11. Let m(j) = 6*h(j) + 13*i(j). What is the tens digit of m(-4)?
1
Let v = -36 - -59. What is the units digit of v?
3
Let k(m) = 2*m - 15. Let v be k(13). Let i = v + 2. What is the tens digit of i?
1
Let b(r) = r**3 - 7*r**2 - 3*r + 8. Let i be b(8). Suppose -i = -5*x + 132. What is the units digit of x?
6
What is the units digit of -8*((-318)/24 - -4)?
4
Let i = -4 + 7. Suppose 2*d + d = i. What is the units digit of d?
1
What is the tens digit of 4/18 - 230/(-18)?
1
Let b(x) = -x**3 + 0*x**3 + 7 + 0*x + x**2 - x. Suppose 3*n + 2*n = 0. What is the units digit of b(n)?
7
Let k = 7 + -3. Suppose -t + 46 = -5*v, 3*v = -k - 8. What is the units digit of t?
6
Suppose 4*h - 4*m - 610 = -7*m, -10 = -5*m. What is the units digit of h?
1
Suppose 5*w - 1 = -2*g + 3, -5*g - 15 = 0. Suppose 2 = -w*x + 4. What is the units digit of x?
1
Let i = -43 + 63. Suppose -c + 6*c - i = 0. What is the units digit of (60/35)/(c/42)?
8
Suppose -4*w = -m - 28, 31 + 1 = -2*m + 2*w. Let g be (-1)/2*2 + -8. What is the units digit of (g/(-6))/((-9)/m)?
2
Let r(o) = -2*o**2 + 4. Let m be (0 + -2)*3/(-2). Let h be r(m). Let d = -6 - h. What is the units digit of d?
8
Suppose -2*l + 35 = q, -q = 2*l - 4*l - 31. What is the tens digit of q?
3
Let k = -111 - -188. What is the tens digit of k?
7
What is the tens digit of 6504/96*(5 - 1)?
7
Let m = -12 - -11. Let c = 7 + m. Suppose 4*z + 3*t + 2 + 3 = 0, -2*t = c. What is the units digit of z?
1
Let n(i) be the third derivative of i**5/60 - i**4/24 + i**3/6 - 2*i**2. Let z(l) = l**2 - 3*l + 3. Let d be z(2). What is the units digit of n(d)?
1
Suppose 21 = 3*v + 3. Suppose w = -1 + v. What is the units digit of w?
5
Suppose 0 = g - 2*g + 23. Suppose 3*o - g = -p, 5*o = -p + 3*o + 25. What is the tens digit of p?
2
What is the units digit of 46 + (-3)/6*-4?
8
Suppose 46 = 5*d - 4. What is the units digit of d?
0
Let k(d) = -d**2 - 9*d - 3. Let l be k(-9). What is the units digit of -3 - (-1)/(l/(-72))?
1
Suppose -87*s + 91*s - 716 = 0. What is the units digit of s?
9
Suppose -26 = -v + 34. What is the tens digit of v?
6
Let w = 8 + -5. Suppose w*z + 2 = 11. What is the units digit of z?
3
Let b(j) = j**3 + 9*j**2 + 6*j + 3. What is the tens digit of b(-4)?
5
Suppose -h = 4*b - 360, -b - 2*h - 450 = -6*b. What is the tens digit of b?
9
Let s(r) = r**2 + 3*r - 3. Let f be (-4 - 2) + 1 + 0. What is the units digit of s(f)?
7
Let f(y) = -y + 12. Let g be f(10). Suppose -4*c + 2*k + 12 = 2, -30 = -g*c - 4*k. Suppose c*h = 61 + 24. What is the tens digit of h?
1
Let n = 346 + -81. What is the units digit of n?
5
Suppose -12 = -3*p - 0. What is the units digit of p?
4
What is the tens digit of (-2)/4 - 31/(-2)?
1
Let g = 1 - -3. Let w = g - -19. What is the units digit of w?
3
Let u = -2 + 3. Let x be (1 - 0)/u*-2. What is the units digit of (-26)/(-8) - x/(-8)?
3
Suppose u = 3*u. Suppose u = 3*k + k - 16. What is the units digit of (-34)/k*14/(-7)?
7
Let y(g) = -g. Let l(z) = 4*z - 7 + 0*z + 4. Let s(i) = l(i) + 3*y(i). What is the units digit of s(7)?
4
Let f = 3 + -7. Let v(y) = 1 - 2*y**2 + 3*y**2 + 2 + 3*y. What is the units digit of v(f)?
7
Let f(c) = c**3 + 4*c**2 - c - 1. What is the units digit of f(-4)?
3
Suppose 2*h - 5*g - 7 = 0, 2*h + 2*g + 16 = 5*h. What is the units digit of (4/h)/((-6)/(-9))?
1
Suppose -j - 2*k = -30, 4*j + 2*k = 104 - 8. What is the tens digit of ((-3)/6*j)/(-1)?
1
Let o = 14 - -21. Let z(n) = n**2 + 9*n - 5. Let h be z(-6). Let x = o + h. What is the tens digit of x?
1
Let k = -7 + 11. Suppose -2*w = k - 12. Suppose 4*v - 5*b + 7 = v, v + 7 = w*b. What is the units digit of v?
1
Suppose 0 = -5*s + 129 - 14. What is the tens digit of s?
2
Let i = 46 - 26. What is the tens digit of (46/(-8))/((-5)/i)?
2
Let x(j) = -3 + 5*j + 9*j**2 + 12*j**2 - 20*j**2. What is the units digit of x(-7)?
1
Let z(a) = 3*a - 10. Let w be z(4). Suppose 52 = w*x - 10. What is the units digit of x?
1
Let w be (1 - 0) + -8 + 7. Suppose w*x - x = -14. What is the tens digit of x?
1
Let c = -16 - -22. Let d = 0 + c. What is the units digit of d?
6
Suppose -8*n = -3*n - 35. Suppose 0 = f + 2*h - 9, f - 5 = -3*h + n. Suppose 4*c - 11 = o, 0*c + f*o - 1 = -5*c. What is the units digit of c?
2
Let o = 29 + -21. What is the units digit of (-1)/2 + 68/o?
8
Suppose 0 = -2*z - 5*l + 75, -5*z = -0*l - 4*l - 138. Suppose 2*k + z = -k. Let d = 13 + k. What is the units digit of d?
3
Suppose 2*n + 2 = 3*n. Let f be n/5 - 73/(-5). Let j = -7 + f. What is the units digit of j?
8
Let t be ((-1 - 2)/3)/(-1). What is the tens digit of (1 + 0)/t + 24?
2
Let k(f) = 3*f + 30. What is the units digit of k(7)?
1
Suppose -6 = -f + 1. Let j = f + -17. What is the units digit of (-124)/j + (-6)/15?
2
Let d(p) = 5*p**2 - 10*p + 9. What is the units digit of d(6)?
9
Suppose 40 = -2*z + 7*z. What is the units digit of z?
8
Suppose f + 2*v = -22, -f - 4*v + 9*v = 22. Let y = -6 - f. What is the units digit of y?
6
Let c = 239 - 142. What is the units digit of c?
7
Let g = -17 - -6. Suppose -3*o = 4*h - 104, o + 0*o - 2*h = 18. Let q = o + g. What is the units digit of q?
7
Let o(l) = -5*l - 2. Let g be o(-1). Suppose -u + g*j = u - 81, -5*j = 15. What is the tens digit of u?
3
Let j(g) be the third derivative of -g**6/120 - g**5/12 - g**4/24 - g**3/3 - g**2. What is the units digit of j(-5)?
3
Let a = 1 + -1. Let k be 5/(100/(-8))*25. What is the tens digit of a - (k - (-2)/(-1))?
1
Let m(n) = 6*n**3. What is the tens digit of m(2)?
4
Suppose 5*k + 3 = -2. Let x be -1 + (0 - -1)*k. What is the units digit of (12/(-15))/(x/20)?
8
Suppose -b = b + 296. Let f = b - -210. Suppose f - 22 = 4*d. What is the units digit of d?
0
Let o = -17 - -32. What is the units digit of ((-10)/o)/((-2)/24)?
8
Let o = 385 + -224. What is the tens digit of o?
6
Let j(a) = -a**3 - 8*a**2 + 8*a - 4. What is the units digit of j(-9)?
5
Let y(u) = 16*u**2 + 7*u + 1. What is the hundreds digit of y(-3)?
1
Suppose -14*y = -13*y - 86. What is the tens digit of y?
8
Let v = -25 + 51. What is the units digit of v?
6
Suppose 9 + 1 = s. Let q = s + 6. What is the tens digit of q?
1
Suppose 5*w = 114 + 41. What is the tens digit of w?
3
Let l(g) = -g + 20. Suppose 5*u - 4*t = 4, -u + 2*t + 3 = -t. What is the tens digit of l(u)?
2
Suppose -p + 2 = -2. Suppose -p*c + c + 51 = 0. What is the tens digit of c?
1
Suppose 217 = 5*b + 4*o, 0*b + 170 = 4*b + 5*o. What is the units digit of b?
5
Let l = 12 - 6. Let m be ((-9)/6)/((-3)/l). Suppose j + m*j = 36. What is the units digit of j?
9
Suppose -t + 24 - 4 = 0. What is the tens digit of t?
2
Let n(a) = 12 - 3*a**2 - 5 + 7*a + 2*a**2. Let i = -7 + 14. What is the units digit of n(i)?
7
Let o(w) = -w - 9. Let t be o(9). Let p = -9 - t. What is the units digit of p?
9
Suppose -b + 75 = 4*b. What is the units digit of b?
5
What is the units digit of 1 - (0 - (14 + 0))?
5
Suppose j + 2*o = 8, -4*j - o + 4*o = -10. Suppose j*c - 91 - 41 = 0. Wha